) = 37531*c + 713124. Calculate u(-19).
35
Let s(z) = -30073*z - 29920. Give s(-1).
153
Let v(a) = -3866*a + 1575. Give v(1).
-2291
Let b(u) = -2*u**3 - 27*u**2 + 213*u + 2127. Determine b(-7).
-1
Let c(f) = 5*f**2 - 533*f - 3007. Give c(112).
17
Let n(v) = v**3 + 19*v**2 + 12*v - 464. What is n(4)?
-48
Let r(f) = -93*f**3 - 10*f**2 + 184*f - 378. Give r(2).
-794
Let b(s) = s**3 - 367*s**2 + 383*s - 6227. Give b(366).
-5
Let h(x) = -10*x**2 + 846*x + 14709. What is h(-15)?
-231
Let o(t) = 37*t**3 + 4219*t**2 + 101*t - 1495. What is o(-114)?
-13
Let k(g) = 2175*g - 13054. What is k(6)?
-4
Let s(y) = 6*y**2 - 1192*y + 30907. What is s(168)?
-5
Let x(m) = m**3 + 518*m**2 - 10764*m + 81. Give x(20).
1
Let z(p) = -p**2 + 18974*p - 56917. Give z(3).
-4
Let p(k) = 3636*k + 1999808. Determine p(-550).
8
Let x(i) = -50*i**2 - 1422*i - 59. Give x(-29).
-871
Let i(h) = h**3 + 67*h**2 + 98*h - 216. Determine i(-65).
1864
Let l(m) = -m**2 - 20*m + 1096. Give l(25).
-29
Let n(w) = -6297*w - 6863724. What is n(-1090)?
6
Let t(v) = -2*v**3 - 95*v**2 - 125*v + 613. Give t(-46).
15
Let u(r) = 4363*r + 287954. What is u(-66)?
-4
Let l(a) = -a**2 - 32384*a + 485991. Determine l(15).
6
Let i(a) = -2024899*a - 8099630. What is i(-4)?
-34
Let b(w) = w**3 - 4099*w**2 + w + 225. Calculate b(0).
225
Let q(t) = -2767*t - 8139. Calculate q(-3).
162
Let r(c) = -83*c**2 - 868*c - 2211. Determine r(-6).
9
Let i(v) = -2141*v**2 + 34*v + 45. Calculate i(-1).
-2130
Let z(h) = h**3 - 52*h**2 + 366*h - 144. Give z(8).
-32
Let j(x) = 9*x**2 + 1691*x - 17018. Calculate j(10).
792
Let f(b) = -11*b**3 + 5*b**2 + 579*b - 580. Calculate f(1).
-7
Let n(c) = c**3 - 162*c**2 + 2374*c - 5202. What is n(146)?
346
Let x(g) = -700*g - 2960. What is x(-3)?
-860
Let c(z) = 4072*z**3 - 99*z**2 - 103*z - 6. Give c(-1).
-4074
Let q(z) = 30*z**2 - 299*z + 1. What is q(8)?
-471
Let v(q) = -9*q**3 + 4763*q**2 + 3697*q + 6902. Calculate v(530).
12
Let y(w) = -91*w - 3853. What is y(-50)?
697
Let i(f) = -2772*f - 1197507. Calculate i(-432).
-3
Let h(t) = -t**2 - 5*t + 3597. Calculate h(56).
181
Let w(h) = -h**2 - 90*h - 1291. Calculate w(-23).
250
Let y(v) = -5932*v + 551682. Calculate y(93).
6
Let o(z) = -z**3 + 579*z**2 + 22151*z + 395. Determine o(-36).
-1
Let g(u) = 9836*u - 49222. Give g(5).
-42
Let k(u) = -2149*u - 13290. What is k(-6)?
-396
Let k(x) = -3942*x - 134035. What is k(-34)?
-7
Let a(k) = 2*k**2 + 26901*k + 188206. Determine a(-7).
-3
Let q(m) = 9*m**2 - 5735*m + 34212. What is q(6)?
126
Let m(t) = -2*t**2 + 964*t - 111068. Give m(190).
-108
Let a(d) = -97*d**2 - 1353*d + 44. What is a(-13)?
1240
Let y(f) = 139*f**2 - 840*f + 11. Determine y(6).
-25
Let r(z) = -818*z - 119426. Calculate r(-146).
2
Let o(n) = n**2 + 82*n - 844. Determine o(13).
391
Let k(h) = -9*h**3 + 507*h**2 - 184*h + 284. Give k(56).
-612
Let i(c) = -192*c - 1935. Calculate i(-10).
-15
Let i(x) = x**3 + 29*x**2 - 7978*x + 94. Calculate i(76).
246
Let c(v) = -14822*v + 118758. What is c(8)?
182
Let p(c) = -3*c**3 + 73*c**2 + 33*c - 51. Give p(26).
-2573
Let l(r) = -r**3 + 58*r**2 - 18*r - 5259. What is l(56)?
5
Let u(j) = 4193*j**2 - 12575*j + 1. What is u(3)?
13
Let f(t) = -29*t**3 + 233*t**2 + 146*t - 1224. Give f(8).
8
Let m(x) = 8313*x + 5461661. Determine m(-657).
20
Let n(g) = -352*g + 7260. Calculate n(21).
-132
Let a(v) = -1494*v - 111969. Give a(-75).
81
Let i(q) = -q**3 + 18*q**2 - 46*q - 148. Give i(18).
-976
Let f(z) = -185*z**2 - 9. Calculate f(-3).
-1674
Let z(j) = -3*j**2 + 335*j + 1725. Give z(-5).
-25
Let l(o) = 4*o**2 + 1241*o + 24635. Calculate l(-289).
70
Let n(p) = -2*p**2 - 49528*p - 1928543. What is n(-39)?
7
Let m(g) = 4*g**2 + 7210*g + 2559274. Give m(-486).
-2
Let z(t) = 52*t**2 + 12327*t + 761. Determine z(-237).
50
Let t(g) = g**3 + 175*g**2 + 1179*g + 108. Calculate t(-168).
-396
Let w(l) = 2*l**3 + 348*l**2 - 709*l - 854. Give w(-176).
26
Let c(w) = -118*w**2 - 15338*w + 279. Determine c(-130).
19
Let i(j) = 34*j - 3055. What is i(101)?
379
Let n(f) = -2878*f - 489101. Give n(-170).
159
Let y(w) = 1299*w**2 - 15594*w - 14. Give y(12).
-86
Let k(b) = -270*b**2 + 1149*b + 152. Determine k(5).
-853
Let o(a) = 427*a - 13670. Calculate o(32).
-6
Let k(t) = 534*t - 16574. Give k(31).
-20
Let z(k) = -879352*k - 1758697. Determine z(-2).
7
Let t(g) = -1894*g**2 - 471527*g + 19667. Determine t(-249).
-4
Let q(i) = -151*i**2 - 1041*i + 130. Give q(-7).
18
Let q(l) = -14101*l - 253833. Give q(-18).
-15
Let n(c) = 61*c**3 + 4876*c**2 - 121*c + 15925. What is n(-80)?
5
Let b(k) = k**3 - 4127*k**2 + 260041*k - 567. Calculate b(64).
9
Let v(w) = 23*w**2 + 7*w + 35. Calculate v(5).
645
Let r(q) = -34*q**2 + 14152*q - 56065. Determine r(4).
-1
Let b(a) = 103873*a - 207755. Calculate b(2).
-9
Let w(b) = 86*b + 3936. What is w(-47)?
-106
Let l(a) = -2*a**3 - 87*a**2 + 8508*a - 35. Give l(47).
12
Let s(i) = 4*i**2 - 1170*i + 6192. What is s(287)?
-122
Let u(c) = -c**3 + 39*c**2 - 599*c + 70. Give u(17).
-3755
Let f(x) = -315*x**2 - 7466*x + 2243. Calculate f(-24).
-13
Let j(n) = -3039*n**3 + 65*n**2 + 78*n + 11. Determine j(-1).
3037
Let r(b) = 3179*b + 13287. What is r(-5)?
-2608
Let s(n) = 147609*n - 4280689. Determine s(29).
-28
Let n(z) = 3857*z - 2456884. Calculate n(637).
25
Let b(i) = -2*i**3 + 1281*i**2 - 691*i + 32660. Give b(640).
20
Let r(c) = -2*c**2 + 122*c - 1649. Give r(31).
211
Let y(i) = -7640*i - 297976. What is y(-39)?
-16
Let u(p) = -485*p**2 - 24743*p - 387. Calculate u(-51).
21
Let b(r) = 48*r**2 - 225*r - 1172. Calculate b(-5).
1153
Let t(n) = -n**3 + 82*n**2 + 238*n + 1441. Determine t(85).
-4
Let t(x) = -10*x**2 - 2629*x - 50802. Calculate t(-21).
-3
Let y(a) = a**2 + 6439*a + 185888. Calculate y(-29).
-2
Let o(y) = 4*y**2 - 70*y - 779. Give o(8).
-1083
Let r(u) = 235*u - 19565. Give r(78).
-1235
Let g(z) = -z**3 + 84*z**2 - 23*z - 4302. Give g(83).
678
Let j(m) = -1912*m + 370461. What is j(194)?
-467
Let o(m) = -668*m + 71470. Determine o(107).
-6
Let h(c) = c**2 - 52*c - 703. Calculate h(-15).
302
Let j(q) = -238*q + 70682. What is j(297)?
-4
Let w(k) = 3853*k - 366076. Calculate w(95).
-41
Let s(p) = -p**3 + 19*p**2 - 68*p - 191. Give s(10).
29
Let a(m) = 17*m**3 - 1201*m**2 - 414*m - 827. What is a(71)?
25
Let y(h) = -3*h**2 - 512*h - 10412. What is y(-22)?
-600
Let t(k) = -6*k**3 - 24*k**2 + 871*k - 1630. Calculate t(2).
-32
Let a(q) = 498*q + 21926. Determine a(-45).
-484
Let v(r) = -11620*r - 46370. Calculate v(-4).
110
Let s(h) = -15310*h - 260269. Give s(-17).
1
Let r(h) = h**3 + 26*h**2 + 536*h + 10144. Calculate r(-22).
288
Let d(s) = 13*s + 63. Calculate d(19).
310
Let t(w) = -w**2 - 399*w - 10003. Give t(-27).
41
Let b(y) = 1386*y + 2024948. Determine b(-1461).
2
Let i(y) = 4*y**3 - 285*y**2 - 230*y - 294. What is i(72)?
-1302
Let m(q) = -16*q**3 - 3172*q**2 + 203387*q + 55. Determine m(51).
4
Let n(l) = -20*l**3 + 10*l**2 - 13*l - 71. Determine n(-3).
598
Let x(w) = -w**3 + 172*w**2 - 418*w + 12774. Calculate x(170).
-486
Let h(a) = -42*a**2 - 20*a - 41. Give h(-4).
-633
Let y(c) = -12*c**2 + 505*c - 155. Give y(43).
-628
Let w(v) = 13289*v - 24544786. What is w(1847)?
-3
Let b(j) = 4*j**2 + 356*j + 31. What is b(-89)?
31
Let c(n) = 4*n**3 - 135*n**2 - 58*n + 807. Determine c(34).
-9
Let v(d) = 46*d**3 - 320*d**2 - 13*d - 13. Give v(7).
-6
Let o(j) = 3*j**3 + 9*j**2 + 29*j - 3. Calculate o(0).
-3
Let q(v) = v**3 + 7*v**2 - 726*v - 4146. What is q(-28)?
-282
Let n(j) = 3*j**2 + 668*j + 8787. Calculate n(-14).
23
Let g(u) = 9*u**2 - 28*u - 528. Calculate g(-9).
453
Let a(z) = -5*z**2 - 2275*z - 32931. Give a(-440).
69
Let d(s) = 1590*s + 141318. Calculate d(-89).
-192
Let v(b) = -7250*b + 341274. What is v(47)?
524
Let v(g) = -501*g**2 - 6146*g - 701. Determine v(-12).
907
Let o(s) = -62*s**3 - 226*s**2 + 3*s + 3. Calculate o(-2).
-411
Let i(f) = 9*f**2 + 1079*f + 22592. What is i(-93)?
86
Let k(d) = -681*d - 88704. What is k(-130)?
-174
Let g(p) = -2*p**3 + 72*p**2 + 3737*p - 134457. Determine g(36).
75
Let o(g) = 14545*g - 72387. Calculate o(5).
338
Let q(s) = 7*s**2 + 158*s + 163. Give q(-20).
-197
Let y(s) = -1454*s + 174505. Give y(120).
25
Let x(f) = -5*f**2 - 123*f + 1670. Determine x(14).
-1032
Let q(x) = 350*x - 59719. Determine q(173).
831
Let x(t) = 182